{"id":2284,"date":"2018-06-08T10:52:39","date_gmt":"2018-06-08T10:52:39","guid":{"rendered":"https:\/\/foton.qodeinteractive.com\/blog-left-sidebar-2\/"},"modified":"2021-04-07T08:30:36","modified_gmt":"2021-04-07T06:30:36","slug":"blog","status":"publish","type":"page","link":"https:\/\/say-digital.io\/blog\/","title":{"rendered":"Blog"},"content":{"rendered":"","protected":false},"excerpt":{"rendered":"","protected":false},"author":1,"featured_media":0,"parent":0,"menu_order":0,"comment_status":"closed","ping_status":"closed","template":"blog-masonry","meta":{"_mi_skip_tracking":false,"_monsterinsights_sitenote_active":false,"_monsterinsights_sitenote_note":"","_monsterinsights_sitenote_category":0},"yoast_head":"<!-- This site is optimized with the Yoast SEO plugin v15.7 - https:\/\/yoast.com\/wordpress\/plugins\/seo\/ -->\n<title>Blog - Say Digital I\/O<\/title>\n<meta name=\"description\" content=\"Nous percevons notre blog comme une plateforme de partage de connaissances, destin\u00e9e \u00e0 encadrer toute personne souhaitant d\u00e9velopper des comp\u00e9tences pour concevoir, d\u00e9ployer et exploiter une infrastructure et des applications sur le Cloud.\" \/>\n<meta name=\"robots\" content=\"index, follow, max-snippet:-1, max-image-preview:large, max-video-preview:-1\" \/>\n<link rel=\"canonical\" href=\"https:\/\/say-digital.io\/blog\/\" \/>\n<meta property=\"og:locale\" content=\"fr_FR\" \/>\n<meta property=\"og:type\" content=\"article\" \/>\n<meta property=\"og:title\" content=\"Blog - Say Digital I\/O\" \/>\n<meta property=\"og:description\" content=\"Nous percevons notre blog comme une plateforme de partage de connaissances, destin\u00e9e \u00e0 encadrer toute personne souhaitant d\u00e9velopper des comp\u00e9tences pour concevoir, d\u00e9ployer et exploiter une infrastructure et des applications sur le Cloud.\" \/>\n<meta property=\"og:url\" content=\"https:\/\/say-digital.io\/blog\/\" \/>\n<meta property=\"og:site_name\" content=\"Say Digital I\/O\" \/>\n<meta property=\"article:modified_time\" content=\"2021-04-07T06:30:36+00:00\" \/>\n<meta property=\"og:image\" content=\"https:\/\/say-digital.io\/blog\/wp-content\/uploads\/2021\/03\/banniere_planetes_violet.png\" \/>\n\t<meta property=\"og:image:width\" content=\"1920\" \/>\n\t<meta property=\"og:image:height\" content=\"688\" \/>\n<meta name=\"twitter:card\" content=\"summary_large_image\" \/>\n<script type=\"application\/ld+json\" class=\"yoast-schema-graph\">{\"@context\":\"https:\/\/schema.org\",\"@graph\":[{\"@type\":\"WebSite\",\"@id\":\"https:\/\/say-digital.io\/blog\/#website\",\"url\":\"https:\/\/say-digital.io\/blog\/\",\"name\":\"Say Digital I\/O\",\"description\":\"Un site utilisant WordPress\",\"potentialAction\":[{\"@type\":\"SearchAction\",\"target\":\"https:\/\/say-digital.io\/blog\/?s={search_term_string}\",\"query-input\":\"required name=search_term_string\"}],\"inLanguage\":\"fr-FR\"},{\"@type\":\"WebPage\",\"@id\":\"https:\/\/say-digital.io\/blog\/#webpage\",\"url\":\"https:\/\/say-digital.io\/blog\/\",\"name\":\"Blog - Say Digital I\/O\",\"isPartOf\":{\"@id\":\"https:\/\/say-digital.io\/blog\/#website\"},\"datePublished\":\"2018-06-08T10:52:39+00:00\",\"dateModified\":\"2021-04-07T06:30:36+00:00\",\"description\":\"Nous percevons notre blog comme une plateforme de partage de connaissances, destin\\u00e9e \\u00e0 encadrer toute personne souhaitant d\\u00e9velopper des comp\\u00e9tences pour concevoir, d\\u00e9ployer et exploiter une infrastructure et des applications sur le Cloud.\",\"inLanguage\":\"fr-FR\",\"potentialAction\":[{\"@type\":\"ReadAction\",\"target\":[\"https:\/\/say-digital.io\/blog\/\"]}]}]}<\/script>\n<!-- \/ Yoast SEO plugin. -->","_links":{"self":[{"href":"https:\/\/say-digital.io\/blog\/wp-json\/wp\/v2\/pages\/2284"}],"collection":[{"href":"https:\/\/say-digital.io\/blog\/wp-json\/wp\/v2\/pages"}],"about":[{"href":"https:\/\/say-digital.io\/blog\/wp-json\/wp\/v2\/types\/page"}],"author":[{"embeddable":true,"href":"https:\/\/say-digital.io\/blog\/wp-json\/wp\/v2\/users\/1"}],"replies":[{"embeddable":true,"href":"https:\/\/say-digital.io\/blog\/wp-json\/wp\/v2\/comments?post=2284"}],"version-history":[{"count":4,"href":"https:\/\/say-digital.io\/blog\/wp-json\/wp\/v2\/pages\/2284\/revisions"}],"predecessor-version":[{"id":9740,"href":"https:\/\/say-digital.io\/blog\/wp-json\/wp\/v2\/pages\/2284\/revisions\/9740"}],"wp:attachment":[{"href":"https:\/\/say-digital.io\/blog\/wp-json\/wp\/v2\/media?parent=2284"}],"curies":[{"name":"wp","href":"https:\/\/api.w.org\/{rel}","templated":true}]}}